{"id":33,"date":"2008-03-19T19:07:21","date_gmt":"2008-03-19T18:07:21","guid":{"rendered":"http:\/\/www.emil-schnell.de\/blog\/?page_id=33"},"modified":"2008-04-10T09:12:34","modified_gmt":"2008-04-10T08:12:34","slug":"33","status":"publish","type":"page","link":"http:\/\/www.emil-schnell.de\/blog\/?page_id=33","title":{"rendered":"Flugzeugprojekt ATISS"},"content":{"rendered":"<p>ATISS &#8211; Autonomous Flying Testbed for Integrated Sensor Systems (Flugzeugprojekt 2). Dieser Flieger wird an der TFH-Wildau neu entwickelt. Er wird elektrisch angetrieben, kann langsamer fliegen als der Bully und mehr tragen. Damit sind ideale Bedingungen gegeben, um unterschiedliche Messelektronik im Messtr\u00e4ger unterzubringen und Messfl\u00fcge durchzuf\u00fchren. AutoMessTec ist\u00a0an der\u00a0Entwicklung des Messtr\u00e4gers beteiligt.<\/p>\n","protected":false},"excerpt":{"rendered":"<p>ATISS &#8211; Autonomous Flying Testbed for Integrated Sensor Systems (Flugzeugprojekt 2). Dieser Flieger wird an der TFH-Wildau neu entwickelt. Er wird elektrisch angetrieben, kann langsamer fliegen als der Bully und mehr tragen. Damit sind ideale Bedingungen gegeben, um unterschiedliche Messelektronik im Messtr\u00e4ger unterzubringen und Messfl\u00fcge durchzuf\u00fchren. AutoMessTec ist\u00a0an der\u00a0Entwicklung des Messtr\u00e4gers beteiligt.<\/p>\n","protected":false},"author":1,"featured_media":0,"parent":13,"menu_order":0,"comment_status":"closed","ping_status":"closed","template":"","meta":{"ngg_post_thumbnail":0,"footnotes":""},"class_list":["post-33","page","type-page","status-publish","hentry"],"_links":{"self":[{"href":"http:\/\/www.emil-schnell.de\/blog\/index.php?rest_route=\/wp\/v2\/pages\/33","targetHints":{"allow":["GET"]}}],"collection":[{"href":"http:\/\/www.emil-schnell.de\/blog\/index.php?rest_route=\/wp\/v2\/pages"}],"about":[{"href":"http:\/\/www.emil-schnell.de\/blog\/index.php?rest_route=\/wp\/v2\/types\/page"}],"author":[{"embeddable":true,"href":"http:\/\/www.emil-schnell.de\/blog\/index.php?rest_route=\/wp\/v2\/users\/1"}],"replies":[{"embeddable":true,"href":"http:\/\/www.emil-schnell.de\/blog\/index.php?rest_route=%2Fwp%2Fv2%2Fcomments&post=33"}],"version-history":[{"count":0,"href":"http:\/\/www.emil-schnell.de\/blog\/index.php?rest_route=\/wp\/v2\/pages\/33\/revisions"}],"up":[{"embeddable":true,"href":"http:\/\/www.emil-schnell.de\/blog\/index.php?rest_route=\/wp\/v2\/pages\/13"}],"wp:attachment":[{"href":"http:\/\/www.emil-schnell.de\/blog\/index.php?rest_route=%2Fwp%2Fv2%2Fmedia&parent=33"}],"curies":[{"name":"wp","href":"https:\/\/api.w.org\/{rel}","templated":true}]}}