{"id":29,"date":"2008-03-19T19:05:23","date_gmt":"2008-03-19T18:05:23","guid":{"rendered":"http:\/\/www.emil-schnell.de\/blog\/?page_id=29"},"modified":"2011-08-21T18:17:19","modified_gmt":"2011-08-21T17:17:19","slug":"29","status":"publish","type":"page","link":"http:\/\/www.emil-schnell.de\/blog\/?page_id=29","title":{"rendered":"Turbine SPT-5"},"content":{"rendered":"<p>Turbinenteststand SPT-5 (Turboprop) im Freien zum Test:<\/p>\n<p align=\"center\">&nbsp;<\/p>\n<p align=\"center\">ngg_shortcode_0_placeholder<\/p>\n<p align=\"center\">&nbsp;<\/p>\n<p align=\"center\">ngg_shortcode_1_placeholder<\/p>\n<p align=\"center\">Frontpanelansicht der Systemkontrolle<\/p>\n<p align=\"center\">&nbsp;<\/p>\n<p align=\"center\">ngg_shortcode_2_placeholder<\/p>\n<p align=\"center\">PXI-Rechnersystem von National Instruments\u00a0f\u00fcr Turbinen- und Motorenpr\u00fcfst\u00e4nde<\/p>\n","protected":false},"excerpt":{"rendered":"<p>Turbinenteststand SPT-5 (Turboprop) im Freien zum Test: &nbsp; &nbsp; Frontpanelansicht der Systemkontrolle &nbsp; PXI-Rechnersystem von National Instruments\u00a0f\u00fcr Turbinen- und Motorenpr\u00fcfst\u00e4nde<\/p>\n","protected":false},"author":1,"featured_media":0,"parent":13,"menu_order":0,"comment_status":"closed","ping_status":"closed","template":"","meta":{"ngg_post_thumbnail":0,"footnotes":""},"class_list":["post-29","page","type-page","status-publish","hentry"],"_links":{"self":[{"href":"http:\/\/www.emil-schnell.de\/blog\/index.php?rest_route=\/wp\/v2\/pages\/29","targetHints":{"allow":["GET"]}}],"collection":[{"href":"http:\/\/www.emil-schnell.de\/blog\/index.php?rest_route=\/wp\/v2\/pages"}],"about":[{"href":"http:\/\/www.emil-schnell.de\/blog\/index.php?rest_route=\/wp\/v2\/types\/page"}],"author":[{"embeddable":true,"href":"http:\/\/www.emil-schnell.de\/blog\/index.php?rest_route=\/wp\/v2\/users\/1"}],"replies":[{"embeddable":true,"href":"http:\/\/www.emil-schnell.de\/blog\/index.php?rest_route=%2Fwp%2Fv2%2Fcomments&post=29"}],"version-history":[{"count":0,"href":"http:\/\/www.emil-schnell.de\/blog\/index.php?rest_route=\/wp\/v2\/pages\/29\/revisions"}],"up":[{"embeddable":true,"href":"http:\/\/www.emil-schnell.de\/blog\/index.php?rest_route=\/wp\/v2\/pages\/13"}],"wp:attachment":[{"href":"http:\/\/www.emil-schnell.de\/blog\/index.php?rest_route=%2Fwp%2Fv2%2Fmedia&parent=29"}],"curies":[{"name":"wp","href":"https:\/\/api.w.org\/{rel}","templated":true}]}}