{"id":12,"date":"2008-03-18T19:37:18","date_gmt":"2008-03-18T18:37:18","guid":{"rendered":"http:\/\/www.emil-schnell.de\/blog\/?page_id=12"},"modified":"2017-02-20T14:32:22","modified_gmt":"2017-02-20T13:32:22","slug":"projekte-2007","status":"publish","type":"page","link":"http:\/\/www.emil-schnell.de\/blog\/?page_id=12","title":{"rendered":"2007\/2008"},"content":{"rendered":"<ul>\n<li>\n<h4 class=\"beitrag\">Wasserstoff-Reaktor-Messplatz<\/h4>\n<\/li>\n<li>\n<h4 class=\"beitrag\">EU-100 Teilautomatisierung<\/h4>\n<\/li>\n<li>\n<h4 class=\"beitrag\">Untersuchungen zu Miniatur-Fl\u00fcgelrad-Durchflussmessern<\/h4>\n<\/li>\n<li>\n<h4 class=\"beitrag\">LabVIEW-Toolkit 1.0 f\u00fcr KOSY3<\/h4>\n<\/li>\n<li>\n<h4 class=\"beitrag\">Aufbau von embedded Flugrechnern f\u00fcr SMAP und ATISS<\/h4>\n<\/li>\n<\/ul>\n<ul>\n<li>\n<h4>Entwicklung von LabVIEW &#8211; Softwaremodulen zur Erfassung, Konvertierung und Auswertung von Transmissionsseismogrammen im SEG-Y &#8211; Format<\/h4>\n<\/li>\n<li>\n<h4>Realisierung eines Messplatzes zur Untersuchung von Brennstoffzellenstacks<\/h4>\n<\/li>\n<li>\n<h4>Soft- und Hardware f\u00fcr die Bestimmung der indirekten Zugfestigkeit und Querdehnung an zylindrischen Asphalt-Probek\u00f6rpern<\/h4>\n<\/li>\n<\/ul>\n","protected":false},"excerpt":{"rendered":"<p>Wasserstoff-Reaktor-Messplatz EU-100 Teilautomatisierung Untersuchungen zu Miniatur-Fl\u00fcgelrad-Durchflussmessern LabVIEW-Toolkit 1.0 f\u00fcr KOSY3 Aufbau von embedded Flugrechnern f\u00fcr SMAP und ATISS Entwicklung von LabVIEW &#8211; Softwaremodulen zur Erfassung, Konvertierung und Auswertung von Transmissionsseismogrammen im SEG-Y &#8211; Format Realisierung eines Messplatzes zur Untersuchung von Brennstoffzellenstacks Soft- und Hardware f\u00fcr die Bestimmung der indirekten Zugfestigkeit und Querdehnung an zylindrischen Asphalt-Probek\u00f6rpern<\/p>\n","protected":false},"author":1,"featured_media":0,"parent":17,"menu_order":12,"comment_status":"closed","ping_status":"closed","template":"","meta":{"ngg_post_thumbnail":0,"footnotes":""},"class_list":["post-12","page","type-page","status-publish","hentry"],"_links":{"self":[{"href":"http:\/\/www.emil-schnell.de\/blog\/index.php?rest_route=\/wp\/v2\/pages\/12","targetHints":{"allow":["GET"]}}],"collection":[{"href":"http:\/\/www.emil-schnell.de\/blog\/index.php?rest_route=\/wp\/v2\/pages"}],"about":[{"href":"http:\/\/www.emil-schnell.de\/blog\/index.php?rest_route=\/wp\/v2\/types\/page"}],"author":[{"embeddable":true,"href":"http:\/\/www.emil-schnell.de\/blog\/index.php?rest_route=\/wp\/v2\/users\/1"}],"replies":[{"embeddable":true,"href":"http:\/\/www.emil-schnell.de\/blog\/index.php?rest_route=%2Fwp%2Fv2%2Fcomments&post=12"}],"version-history":[{"count":1,"href":"http:\/\/www.emil-schnell.de\/blog\/index.php?rest_route=\/wp\/v2\/pages\/12\/revisions"}],"predecessor-version":[{"id":122,"href":"http:\/\/www.emil-schnell.de\/blog\/index.php?rest_route=\/wp\/v2\/pages\/12\/revisions\/122"}],"up":[{"embeddable":true,"href":"http:\/\/www.emil-schnell.de\/blog\/index.php?rest_route=\/wp\/v2\/pages\/17"}],"wp:attachment":[{"href":"http:\/\/www.emil-schnell.de\/blog\/index.php?rest_route=%2Fwp%2Fv2%2Fmedia&parent=12"}],"curies":[{"name":"wp","href":"https:\/\/api.w.org\/{rel}","templated":true}]}}